t g(v) = -v**3 - 4*v**2 + 6*v + 7. Calculate g(l).
2
Let f = 142 + -143. Let q(h) be the third derivative of 5*h**4/24 - h**3/6 - h**2. Calculate q(f).
-6
Suppose 3*v - 9 = -2*o, -6*o = 3*v - 3*o - 9. Suppose -2*j - 2*k = -8, v*j + 4*k - 16 = -k. Let s(m) = -j*m + m + 3 - 1. Give s(-2).
4
Let d(j) = -j**2 + 5*j + 7. Let l be d(6). Let s(k) = 7*k. Calculate s(l).
7
Let k(q) = q**2 + 9*q - 5. Let i(x) = -x**3 + 5*x**2 - 7*x + 3. Let n be i(4). Determine k(n).
-5
Suppose 6*t = 8*t + 2. Let n(b) be the first derivative of 1 - b - 1/2*b**2. What is n(t)?
0
Let b(n) be the third derivative of 5*n**4/24 - 10*n**2. Let o = -3 + 4. What is b(o)?
5
Let n be 58/18 + 4/(-18). Suppose n*s = 2*s. Let t(j) = j**3 - j**2 - j - 1. Determine t(s).
-1
Suppose 0 = -3*i + 5 + 4. Let r(d) = 11*d - 3. Let z(n) = -4*n + 2 - 4*n - n + 4*n. Let c(k) = 2*r(k) + 5*z(k). Calculate c(i).
-5
Let q(h) be the second derivative of h**5/20 + 5*h**4/12 + h**3/6 - h**2 - 194*h. Let x be (-2)/(-4)*(-11 + 1). What is q(x)?
-7
Suppose -n - 4 = -1. Let r be (-5)/((-5)/(-3))*n. Let q = -5 + r. Let h(s) = s**2 - 3*s - 5. Calculate h(q).
-1
Suppose -3*f + 3 = -9. Let h(b) = b**2 + 3*b + 5*b**3 - f*b**3 + 0*b - 2*b. Let i be (1 + -1*1)/(-2). What is h(i)?
0
Let s(c) = c**2 + 6*c - 2. Let i(r) = -r**2 + 6*r - 3. Let u be i(4). Suppose u*o + 37 - 12 = 0. Give s(o).
-7
Let z = 3 - 3. Let g(x) = 2*x**3 + x + 2*x**3 + z*x. Suppose -3 = -r - 2. Calculate g(r).
5
Let n be 51/(-15) + (-2)/(-5). Let c = n - -7. Let u(m) be the first derivative of m**4/4 - m**3 - 3*m**2/2 + 5*m - 1. Calculate u(c).
9
Let d(s) = s**2 - 4*s + 7. Let y(c) = -3*c**2 + 7*c - 14. Let b(v) = -5*d(v) - 2*y(v). Determine b(-7).
0
Let t(g) be the second derivative of g**5/20 - g**3/6 - 3*g. Give t(-2).
-6
Let q(z) = -z**3 - z**2 + z + 1. Let a = 34 + -35. What is q(a)?
0
Let v(w) = -w**2 + 4*w + 1. Let c = -9 + 14. Suppose -6 = 3*t + c*k, -5*t + 0*t - 5*k = 0. Suppose -t*m + 15 = 2*m. Give v(m).
4
Suppose -b = 5*o - 35, -3*o + b = 5*b - 38. Let h(r) be the first derivative of r**4/4 - 2*r**3 + 6*r + 10. Determine h(o).
6
Suppose -2*x + 15 = -4*u + 3*u, -3*u = 15. Let a(i) = -i**3 + 5*i**2 + 7*i - 4. Let d be a(6). Let z(n) = 0*n**3 + n**3 + 4 + 0 + n - 5*n**d. Determine z(x).
9
Let t(f) = -f**2 - 1. Let h(s) = 3*s + 2. Let l be h(0). Calculate t(l).
-5
Let f(g) = -8*g + 9. Let s(m) = -2*m + 2. Let a(o) = 2*f(o) - 9*s(o). Let l = 2 - 1. Give a(l).
2
Let a(d) = -17*d**3 + d**2. Let h = -37 - -36. Give a(h).
18
Let u(q) = q**3 - 3*q**2 - q - 5. Let k = 75 - 71. Determine u(k).
7
Let d(r) be the second derivative of -r**5/30 - r**4/8 + r**3/2 - 2*r**2 - 2*r. Let g(q) be the first derivative of d(q). What is g(-3)?
-6
Let u(m) = m**3 - 4*m**2 + m - 2. Let o(i) = -i + 9 + 2*i**2 - i**2 - 2*i**2 - 3*i. Let b be o(-5). Calculate u(b).
2
Let m(w) = -w**3 - 5*w**2 - 4*w - 4. Let l be 9/(-2)*(-24)/36. Suppose l*s - 16 = 7*s. What is m(s)?
-4
Suppose 3*v + 2*f = -2*f + 51, 0 = -4*v - 4*f + 64. Let t = v + -7. Suppose t + 19 = -5*j. Let u(p) = -2*p - 7. Calculate u(j).
3
Suppose -9 = h + 15. Let w be ((-2)/4)/(2/h). Suppose -w*j + 9 = -3*j. Let x(v) = v**3 - 3*v**2 - 2*v + 1. Calculate x(j).
-5
Let u = 13 + -13. Let l(i) = -4*i**3 + 3*i**2 - 2*i - 5. Let h(g) = -3*g**3 + 2*g**2 - g - 4. Let m(z) = -3*h(z) + 2*l(z). Give m(u).
2
Let n(t) = -3*t - 5. Let a be -4 - 5/((-25)/40). Calculate n(a).
-17
Let v(s) be the second derivative of -s**3/6 + 7*s**2/2 - 36*s. Calculate v(6).
1
Let h(a) = a**3 + a**2 + 3*a + 2. Suppose -3*l + 7*d + 4 = 2*d, 5*d + 10 = 0. Determine h(l).
-8
Let r(v) = -v**2 + v - 11. Let b(i) = i**2 - 7*i + 12. Let a be b(4). Calculate r(a).
-11
Suppose h - 4 = 6*h + 4*m, -2*h + 2*m = 16. Let b(f) be the second derivative of -f**5/20 - f**4/4 + f**3/6 - 3*f**2/2 - f. Calculate b(h).
9
Let m(x) = -x - 3. Let s(n) = 3*n + 4. Let r be s(1). Calculate m(r).
-10
Let n(b) = 8*b - 8*b - 2*b + 0*b**3 + 2*b**3. What is n(2)?
12
Let d be (4 - 6)*1*-3. Suppose -3*t + 8 = -d*t + 2*y, -t + y - 4 = 0. Let q(h) = -h - 8. Give q(t).
-8
Let x(s) = 2*s**2 - 3*s - 3. Suppose 0 = -4*m + 5*d - 0*d - 8, 19 = 5*m + d. What is x(m)?
6
Suppose -4*a = -5*a + 4. Let x(v) be the third derivative of -5/6*v**3 - 1/12*v**4 - v**2 + 1/60*v**5 + 0*v + 0. Determine x(a).
3
Let w(s) = -3*s + 15. Let r(g) = -g + 5. Let y(d) = 14*r(d) - 4*w(d). What is y(5)?
0
Let d(y) be the second derivative of y**3/2 - y**2 - y. Suppose -4*o = -6 - 10. Let j be (o/(-3))/(4/6). Determine d(j).
-8
Let d(y) = y + 5. Let x(h) = 1. Let o(p) = -d(p) - 2*x(p). Calculate o(-6).
-1
Let o(d) = 2 + 5*d - 10*d - 1 - 2*d. What is o(2)?
-13
Let s(b) be the first derivative of 2 + 1/4*b**4 + 1/2*b**2 - 5/3*b**3 + 2*b. Give s(2).
-8
Let n = 16 - 14. Suppose 0 = -5*z + 43 + 7. Let v(i) = -6*i + z - 11 + 0*i + 3*i. Calculate v(n).
-7
Let j(v) = -v**2 + 6*v - 4. Let k be j(3). Suppose -75 = -k*u - 0. Suppose -x + 4*d = u, -5*d = x + x - 35. Let z(a) = -a - 2. Calculate z(x).
-7
Let n(w) = -2*w + 4. Suppose -4*t + 2*t + 6 = -4*i, 5*t + i = 4. Suppose t - 26 = -5*z. Determine n(z).
-6
Let b(k) = k. Let i(n) = 2*n. Let g be 0 - (3 - (4 + -2)). Let c(f) = g*b(f) + i(f). Determine c(-4).
-4
Let r(s) = -2*s**3 + 13*s**2 - 4*s. Let f(x) = -x**3 + 7*x**2 - 2*x. Let l(o) = -5*f(o) + 3*r(o). Determine l(4).
-8
Let w(i) = -i**2 + 4*i - 3. Let x(o) = -2*o - 8. Let c be x(-6). Determine w(c).
-3
Let t(f) = -f**3 - 4*f**2 + 3*f - 6. Let v be t(-5). Let g = 11 + -6. Suppose 16 = -3*i - i - v*c, -3*i = -g*c + 4. Let l(j) = 2*j**2 + 3*j - 2. Calculate l(i).
7
Let y = 0 - -3. Suppose -l = -y*l. Let q(n) = n**2 - 3. Calculate q(l).
-3
Let d(y) be the first derivative of -y**4/4 - 2*y**3/3 + y**2/2 - y + 41. Let b = 4 + -7. Determine d(b).
5
Let b(z) be the third derivative of z**5/12 + z**4/24 - 8*z**2. Calculate b(1).
6
Let m be (0 + (1 - 2))*-3. Suppose 3*z + m = 2*z. Let r(n) = -n**3 + n + n - 3*n - 4 - 3*n**2. What is r(z)?
-1
Suppose 3*l - 7 = -4*t, -l = 7*t - 5*t - 3. Let s(f) = 2*f**2 - f + 1. Give s(t).
2
Let y be 1*4 - (2 + -1). Let d = -2 - -4. Let v(g) = d - y + 0*g**2 - g**2. Calculate v(2).
-5
Let z be (1*-2 - -3)*(-34 - -35). Let t(r) be the first derivative of r**2 + 1. Give t(z).
2
Let n = -13 + 13. Suppose -r + w + 2 = n, 3*r + 4*w = -9 - 13. Let k(c) = 2*c**2 - 2*c + 1. Give k(r).
13
Let w(n) = n - 2. Let r be (-2)/(-3) - 117/(-27). Suppose 4*z - 2*m + m = -15, r*m = z + 18. Calculate w(z).
-5
Suppose -4*t - 20 = -j, -3*t + 24 = -3*j + 66. Let u be 4/3 - 4/j. Let w(o) = -3*o**2 + o - 1. What is w(u)?
-3
Let c(v) = 6*v + 5 + 5*v**2 + 4*v**3 - 4*v - 3*v**3. Calculate c(-5).
-5
Suppose t + 15 = -2*t. Let p = t + 8. Let b(k) = k**3 + 3*k**2 - 2*k**3 - 7 + 3*k + p. What is b(4)?
-8
Let y(a) = -a**3 - 6*a**2 + 2. Let o = -11 + 5. Determine y(o).
2
Let l be (-22)/(-18) + (-2)/9. Let c(u) be the second derivative of u + 0 + 0*u**2 + 1/6*u**4 + 0*u**3. Determine c(l).
2
Let z(q) = q**3 + 2*q**2 - 2*q + 5. Let n be z(0). Let f(l) be the second derivative of 1/2*l**2 - 1/20*l**5 + 0 + 1/3*l**4 + 1/2*l**3 + l. Calculate f(n).
-9
Let v(p) = p - 2. Let z(g) = 1. Let b(l) = -v(l) - 5*z(l). Calculate b(0).
-3
Let h(f) = f**2 + 4*f - 4. Suppose 0 = 3*p + 53 + 25. Let s = 21 + p. What is h(s)?
1
Let c = -16 - -18. Let y(r) = r - 2. Calculate y(c).
0
Let c be (-6)/(-4) + (-3)/(-6). Let r(s) = s**2 - s + 4. Let i(y) = -y**2 + y - 3. Let h(n) = 3*i(n) + 2*r(n). Calculate h(c).
-3
Suppose 128 = 18*l - 50*l. Let p(c) = 4*c - 2. Let m(a) = -3*a + 1. Let g(o) = -3*m(o) - 2*p(o). Determine g(l).
-3
Let r(u) = 3*u - 2. Suppose 3*q = 3*f - 2 - 10, -1 = -f + 2*q. Give r(f).
19
Let f(h) = h + 4 - 4*h**2 - 2*h - h**3 + 5*h - 3 + 0*h**3. Let u be 0 + -1 + 1 + -5. What is f(u)?
6
Let c = 15 + -20. Let n(u) = -4*u**3 + 13*u**2 + 11*u - 9. Let b(d) = d**3 - d**2 - d. Let f(t) = c*b(t) - n(t). What is f(-7)?
2
Let r(c) = c - 3. Suppose -10 = -2*l - 3*l. Suppose 0 = l*d + 1 - 11. Calculate r(d).
2
Let i(r) = r**3 + 4*r**2 + 4*r. Let g(a) = -3*a + 1 + 2*a - 2. Let s be g(-5). Suppose -37 + 14 = 5*n - s*q, 4*n + 18 = 3*q. Determine i(n).
-3
Let c(n) = n**3 - 3*n**2 + n - 2. Suppose 2*s - m - 4*m + 12 = 0, s - 3*m + 7 = 0. Let i be 0 + s - (-10)/1. Let y be i*(-3 - 20/(-6)). Calculate c(y).
1
Let q(g) = 2*g - 5. Suppose 0 = -3